t is the tens digit of f?
7
What is the hundreds digit of (1188/63)/11*84?
1
Suppose 4*j + 24 = -0*j. What is the units digit of 366/(-9)*9/j?
1
Let c be (-1 - (-8)/6) + 76/(-12). What is the units digit of c/(-4)*232/(-12)*-6?
4
Suppose 7*a - 2*a = -c - 31, -3*c - 4*a - 38 = 0. Let d = c - -31. What is the units digit of (-5)/d - (-16)/5?
3
Let b(y) be the third derivative of -y**4/24 - y**3/6 + 8*y**2. Let z be b(1). What is the units digit of (z/8)/(7/(-1148))?
1
Let o(k) = 24*k + 130. What is the hundreds digit of o(3)?
2
Suppose 56*y - 46*y - 19720 = 0. What is the tens digit of y?
7
Let o(l) = -2*l**3 + 11*l**2 - 4*l. Let p be o(5). Suppose 4*h - z = 290, -h = -p*z - 48 - 34. What is the units digit of h?
2
Let s(q) be the first derivative of q**4/4 - 8*q**3/3 - q**2 + 10*q + 1. Let l be s(8). What is the tens digit of l/(20/7 - 3)?
4
Let r = 0 - -1. Suppose 0 = j - 4, -5*h + 0*j + 6 = -j. What is the units digit of h/r + 3 - -1?
6
Let t be (-3)/1 - (-1 + (-8)/4). Suppose t = -10*x + 6*x + 744. What is the tens digit of x?
8
Suppose 0 = 37*s + 25*s - 2914. What is the tens digit of s?
4
Suppose 0 = -5*i - 0*i + 25. Suppose -i*g = -210 - 95. Suppose o + 3 - g = 4*u, 0 = 4*o - 2*u - 162. What is the units digit of o?
8
Suppose -9935 = 15*z - 29105. What is the units digit of z?
8
Let p = 40 + -22. Let y = 32 - p. Let w = 6 + y. What is the tens digit of w?
2
Suppose 6*t = 120 + 156. What is the units digit of t?
6
What is the hundreds digit of (-22275)/(-108) + (-1)/4?
2
Let i(t) = t**2 + 1. Let x(w) = 2*w**2 - 2*w - 14. Let c(j) = 4*i(j) - x(j). Let v be c(6). Let y = v - 56. What is the tens digit of y?
4
Suppose y + 12 - 71 = 0. Suppose y*w - 56*w = 300. What is the tens digit of w?
0
Let u(a) = a + 1. Let x(i) = -41*i - 9. Let m(v) = 5*u(v) + x(v). What is the units digit of m(-2)?
8
Suppose -87*b = -88*b + 784. What is the units digit of b?
4
Let p(c) = -c**3 - 2*c + 3. Let l be p(2). Let q = l - -13. Suppose 4*o = 2*o - 2, -73 = -q*j + 5*o. What is the tens digit of j?
1
What is the tens digit of 20*(8 - 84/15)?
4
Let b = -1 - -5. Suppose -4*n + 244 = -b*h, 5*n + 2*h = -92 + 376. What is the units digit of n?
8
Suppose -4*a = 5*w - 4428, -3*a - 1704 + 5025 = -w. What is the tens digit of a?
0
Let x = 48 + -42. Let s(u) = u + 1. Let w(f) = -3*f - 1. Let y(h) = 6*s(h) + w(h). What is the tens digit of y(x)?
2
Let w(i) = -i**3 + 4*i**2 - 3*i - 7. Let y be w(4). Let g = y - -122. What is the hundreds digit of g?
1
Let v(s) be the third derivative of 2*s**4/3 - s**3/6 - s**2. Let d be v(2). Suppose 3 = -2*m + 3*w + d, 32 = 2*m - w. What is the tens digit of m?
1
Let y(r) = -10*r**3 + 8*r**2 - 22*r - 129. What is the units digit of y(-5)?
1
Let v(i) = i**3 - i**2 - i. Let p be v(0). Suppose p = 4*t - 44 - 820. What is the units digit of (-2)/(-11) - t/(-22)?
0
Suppose -r + 0*r = -s - 19, -5*s + 3*r = 103. Let c = s + 65. What is the tens digit of c?
4
Suppose 0 = 2*y - 8, 5*o - 35*y + 38*y = 7247. What is the thousands digit of o?
1
Let f = 16 + 0. Let m = f + -14. Suppose -4*q = -m*q - 28. What is the units digit of q?
4
What is the units digit of -6 + (3 - 1) + 1744/2?
8
Suppose 17 = 3*s + 2. Suppose 3 = h + 7, -b = -s*h - 33. What is the units digit of b?
3
Let f = -4984 + 8660. What is the tens digit of f?
7
Suppose 3*k - 922 = -160. What is the hundreds digit of k?
2
What is the tens digit of (-6)/(-51) + (-196)/(-68) - -511?
1
What is the units digit of (-12)/(-16) + 1101/4?
6
Suppose 0 = -5*a - 0*g + 2*g + 10, 0 = -4*g + 20. Suppose -3*r + 253 = 2*l, a*l - 4*r - 561 = r. What is the hundreds digit of l?
1
Let m(v) = -59*v**2 - v + 1. Let u(w) = -1. Let t(x) = -m(x) + u(x). What is the tens digit of t(1)?
5
Let q be 2/9 + (-204)/(-54). What is the units digit of (29 + q)*(-2)/(-6)?
1
Suppose -191*a = -189*a - 140. What is the tens digit of a?
7
Suppose -3*f + 3*p = -1265 - 595, 2474 = 4*f - 10*p. What is the hundreds digit of f?
6
Let k be -4 - (2 - (-2 - -1)). Let m = k + 9. Suppose -5*b + 32 = r, -r = 2*r - m*b - 45. What is the units digit of r?
7
Let z = 1204 + -1084. What is the hundreds digit of z?
1
Let d(j) = 347*j + 13. What is the units digit of d(1)?
0
Let s = -339 - -363. What is the units digit of s?
4
Let s(i) be the second derivative of -11*i**3/6 + 29*i**2 + 5*i. What is the units digit of s(-13)?
1
Suppose 8 = -3*n + 2. Let l be 2*7/(-4)*n. What is the tens digit of -1 + 39 - (-5 + l)?
3
Suppose -3*f - 3*r = -66, 4*r + 110 = 5*f + 3*r. Let o = f - -25. What is the tens digit of o?
4
Suppose -8 = -2*s, -5393 = -13*r + 8*r + 3*s. What is the thousands digit of r?
1
Suppose -10 = 2*c + 4*o - 8*o, 8 = -c + 5*o. Let d(f) = -f**3 - 4*f**2 - 5*f - 1. What is the units digit of d(c)?
5
Let l = 700 + -4. What is the units digit of ((-2)/(-6))/(((-28)/l)/(-7))?
8
Let g(o) = o**3 - 4*o**2 + o - 3. Suppose 5 - 1 = i. Let m be g(i). What is the units digit of (-2)/((-2)/43) + m?
4
Let i = -2510 + 3135. What is the units digit of i?
5
Let w = 791 - 294. What is the units digit of w?
7
Suppose 4*i - 72 = 56. Suppose -2*j + i = -j + 5*k, -5*k + 39 = 2*j. What is the units digit of j?
7
Let r = 4043 - 1570. What is the hundreds digit of r?
4
Suppose 9*h - 360 = -0*h. What is the hundreds digit of h/12*(2 + 64)?
2
Let a(t) = -t**3 + 7*t**2 + 13*t - 1. Let s be a(9). Let p be s/(-12) + 4/24. Suppose 11 = 3*n - p. What is the units digit of n?
5
Let w be (24/(-10))/((-3)/(-10)). What is the units digit of (-446)/w - 2/(-8)?
6
Let a = 211 - 524. Let j = a + 521. Suppose 5*z = w - 2*w + j, -2*z + 3*w + 73 = 0. What is the units digit of z?
1
What is the hundreds digit of (3 + 70/(-20))/((-1)/2844)?
4
Suppose -3*b + 8311 = q, 8*b - 5542 = 6*b - q. What is the hundreds digit of b?
7
Let g(m) = -m**2 + 0 - 4 + 4*m**2 + 8*m - 9*m. What is the tens digit of g(-5)?
7
Let p(t) = -14*t**3 - 2*t**2 - 4*t - 16. What is the units digit of p(-4)?
4
Let o(j) = 5*j**2 + j - 4. Let b be o(-2). Let z = b - 15. What is the units digit of (45/10)/(z/(-6))?
7
Let d = 1908 + -1348. What is the units digit of d?
0
Let v = -97 - -60. Let m = v - -39. What is the units digit of m?
2
Suppose -4*g = -8*g - 8. Let w be (-1)/g + (-38)/(-4). Let o = w + -5. What is the units digit of o?
5
Let o be 21/(-6)*152/(-14). What is the tens digit of 18/(-171) - (-916)/o?
2
Suppose 3*o + 12 = -3*f, -2*f + 6*o = 3*o - 2. Let n = 5 + f. What is the units digit of n?
3
Suppose 31 = -5*k - 59. Suppose 4*r = 84 + 112. Let f = r + k. What is the tens digit of f?
3
Let r = 82 - 47. Suppose -2*m = -m + 16. Let k = r + m. What is the units digit of k?
9
Let n(x) = -2*x + 23. Let u be n(-4). Let c = u + 30. What is the units digit of c?
1
Let x(q) be the first derivative of -q**5/20 + q**4/3 + 2*q**3/3 + 2*q**2 - q - 5. Let t(w) be the first derivative of x(w). What is the tens digit of t(4)?
2
Let u = 13 - 19. Let g(d) = -d**3 - 6*d**2 + 3*d. Let p be g(u). What is the units digit of 4/(-6) + (-534)/p?
9
Suppose 3*a - 904 + 124 = 0. Suppose h + y - 61 = 0, 4*h + 0*h - 4*y = a. What is the tens digit of h?
6
Let x(c) = -c**2 - 7*c + 4. Let j be x(-7). Let d(p) = -4*p + 16. Let m(q) = -2*q + 8. Let o(w) = j*d(w) - 7*m(w). What is the units digit of o(-20)?
8
Suppose 960 = 3*u - 576. Let w = -300 + u. Suppose 4*x + 216 = 5*s + 5*x, 5*s - w = -2*x. What is the units digit of s?
4
Suppose 2*u + 19 = u + 3*r, -4*u - r = 50. Suppose 0*k - 7*k - 49 = 0. Let x = k - u. What is the units digit of x?
6
Suppose 21*d = 26*d - 1775. What is the units digit of d?
5
Let u be 51/85 + (-14)/10*-1. Suppose -2*a + 852 = u*a + 2*r, 2*r + 432 = 2*a. What is the hundreds digit of a?
2
Suppose -2*i + 4*w - 22 = 0, 0 = 4*i + 3*w - 5*w + 50. What is the units digit of (i + 262)/(2 + 2/(-4))?
6
Let p(o) = -o**3 + 8*o**2 - 6*o - 3. Suppose 4*y = -x + 3, -2*y = 3*x - 20 + 1. Let c be p(x). What is the units digit of (2 + -48)*(-2)/c?
3
Let m = -4 - -6. What is the tens digit of 3 + m + -1 - -93?
9
Suppose 3 = i + 2. Let p(y) = y**3 - i + 4 - 2. What is the units digit of p(1)?
2
Suppose a + 3605 = 2*t, 2*a = 4*t - 2*a - 7208. What is the thousands digit of t?
1
What is the tens digit of 4037/5 - 12/30?
0
Suppose 5*d = 3*b + 2016, b = -d + 4*d - 1212. What is the tens digit of d?
0
Let y(m) = -5*m + 2. Let f